- f = -j. Is f composite?
True
Suppose -678*g = -681*g. Suppose 7*f - 71210 + 14727 = g. Is f a composite number?
False
Is ((-2)/6)/(-5 - (-61516268)/12303258) a prime number?
False
Let c be (-6)/1*10/(-4). Let k(u) = 15*u + 361 - 118 - 153 - 130. Is k(c) a composite number?
True
Suppose -2269 - 1852 = -13*j. Is j a composite number?
False
Suppose -5*o - 19*z = -20*z - 494831, -296907 = -3*o + 2*z. Is o a prime number?
False
Suppose 0 = -9*i + 1105 + 1433. Let d be (-50)/(-5)*i/4. Suppose -d = -b + 2*f, -4*f + 0*f = b - 693. Is b a composite number?
False
Let x(o) = -o**2 - o + 40. Let k be x(-7). Let s(j) = -2282*j - 17. Is s(k) a prime number?
True
Let x = -1306 - -2229. Suppose -2*t = -3*q - 1453, -5*q + x = 3*t - 1209. Is t composite?
False
Let n(j) = 4*j + 10. Let w be n(-6). Let b = w + 14. Let y(a) = 4*a + 403. Is y(b) composite?
True
Let t be 4/42*-9237 - (-6)/(-21). Let p = 603 - t. Suppose -x - x - b + p = 0, -2*x + b + 1489 = 0. Is x composite?
False
Is 528942/14 + (168/686)/((-51)/119) composite?
False
Let k(o) = 18322*o + 2233. Is k(6) prime?
False
Let q(y) = 2475*y**2 + y - 145. Is q(-7) composite?
False
Let h(u) = -14*u + 2. Let i be h(-2). Let s(f) = i + 0*f - 24 - 23 - 56*f. Is s(-12) a composite number?
True
Let t(z) = -z**2 + 4*z + 7. Let c = -12 + 17. Let r be t(c). Suppose -7033 = -r*j - 3*j + 4*n, j - 1394 = 5*n. Is j a prime number?
True
Suppose -17*f + 14*f + 5484 = 3*m, -5*f = -2*m + 3621. Is m composite?
False
Let u be (1 + (-5 - -4))/(-1). Suppose 0*v - 5*h = 2*v - 11, u = 5*v - 5*h - 10. Suppose n + 1869 = 5*t, 2*n + n + 1131 = v*t. Is t a prime number?
True
Let x be 16*1/7 + 12/(-42). Suppose -x*o = -4*c + 1684, -2*o - 3*o = 5*c - 2075. Suppose -m + 3*m = -d + c, 0 = -5*d + 2*m + 2035. Is d composite?
False
Let v(q) = 3*q + 4. Let c be v(3). Let g(b) = 2*b - 24. Let y be g(c). Is (-20)/(-15) + y + (-2)/6 a composite number?
False
Let h be -5 + -2 + -4 + 16 + -7. Suppose l = -4*n + 1, -l + n - 49 = 2*l. Is (l/12)/((-2)/(-80)*h) composite?
True
Suppose -5*g + 41848 = z + z, 6 = -3*g. Let n = z - 13806. Is n composite?
True
Suppose 536*b - 428368 = 170*b + 3947894. Is b a composite number?
True
Is (46 + 1)*(1832 + (-28 - -7)) composite?
True
Suppose -3*o - 453*p + 3078865 = -455*p, 1026314 = o + 3*p. Is o composite?
False
Let y = 247 + -242. Is ((-1)/(-4))/(y/3820) composite?
False
Let z(g) = -g**3 - 71*g**2 - 92*g - 351. Is z(-76) prime?
True
Let j(k) = 46 - 83 + k + 42. Let y be j(-2). Suppose -5*n = t + y*t - 9207, 0 = -2*n - 3*t + 3680. Is n prime?
False
Suppose 3*g = -2*k + 24, -5*g = -5*k - 9 - 6. Is 6*g/(-12) + 514 a prime number?
False
Let r(q) = -59*q**3 - 2*q**2 - 9*q - 4. Let y(s) = -58*s**3 - s**2 - 8*s - 3. Let g(v) = 5*r(v) - 6*y(v). Let i be g(2). Let x = -93 + i. Is x composite?
True
Suppose 3*d + 4*s - 335731 = 0, d + 4*s + 73213 - 185118 = 0. Is d prime?
True
Suppose -5*n - 142397 - 1004483 = -5*l, -n = 5*l - 1146862. Is l a composite number?
False
Suppose -45880 = -2*y - 4*c, -c - 95087 + 3354 = -4*y. Is y composite?
True
Suppose 0 = -7*y - 2*y + 27. Suppose o = y*r + 4832, 5*o - 12909 = -4*r + 11327. Suppose h + 3*h - 5*p - 3853 = 0, o = 5*h + 3*p. Is h composite?
False
Is 0 + (-2 - (-12872 - 1)) composite?
True
Suppose 2*f + 18 = 58. Let j be 3/12 + (-1 - (-7595)/f). Suppose -3*o + 47 = -j. Is o a prime number?
False
Let a(b) = b**3 - 20*b**2 + 31*b + 90. Let d be a(18). Suppose 2*v - 44*v + 32382 = d. Is v prime?
False
Suppose 7*j - 3*j = -48. Is (-3)/((j/(-18))/((-9332)/18)) composite?
False
Let x(y) = y**3 - y**2 - y. Let a(t) = -5*t**3 - 12*t**2 + 10*t + 29. Let u = -16 - -15. Let i(s) = u*a(s) - 6*x(s). Is i(16) a prime number?
True
Let h = -635 - -314. Is h/((-2)/6 - 16/24) prime?
False
Suppose 5*x - 1972 = t - 570, 3*t = -4*x - 4111. Let p = t + 2668. Is p a prime number?
True
Let l(s) = 20*s**2 - 71*s - 1481. Is l(-112) prime?
True
Let w(l) be the second derivative of 1/12*l**4 - 6*l**2 + 0*l**3 + 21*l + 0. Is w(-7) a composite number?
False
Suppose -25678 - 712 = -5*a. Is (-2)/(((-7)/a)/(2/8)) composite?
True
Suppose 2*m - 455399 = 5*h - 1803334, -4*m = h - 269565. Is h composite?
True
Suppose -5*d + 66 = p, -4*d - 4*p + 7 = -33. Let q(a) = a**2 - 14*a + 20. Let z be q(d). Is ((-1048)/20)/((-8)/z) prime?
True
Let n be 4696/10*30/12. Suppose -287*r = -289*r + n. Is r a prime number?
True
Is 5 + ((-63480)/(-75))/(5/((-8050)/(-4))) a composite number?
True
Suppose 149225 = -16*p + 224813 + 420620. Is p a prime number?
True
Suppose 17 = 3*q + 8. Suppose -3 = 2*m - 2*h - 7, 0 = 5*h - 25. Suppose q*j + 5692 = m*j. Is j a prime number?
True
Is ((-6)/(-4)*-2 - -1) + (-16158552)/(-8) prime?
True
Let h = 73686 + -49243. Is h composite?
False
Let k(z) = -5000*z**3 - 11*z**2 - 2*z - 4. Is k(-9) composite?
True
Let y be ((-50)/(-4))/(15/30). Suppose y*b - 27*b = -3802. Is b composite?
False
Suppose -6 = 2*b, -5*q + 8*b = 3*b + 16520. Let a = q - -7274. Is a a composite number?
False
Suppose 0 = 5*z + 206 - 1296. Suppose -3 = -8*p + 29. Suppose 1702 - z = p*n. Is n prime?
False
Let r be 24/((-3954)/(-660) - 6). Let d = 3707 + r. Is d a prime number?
False
Suppose 2*o = a - 517, 0 = a + 2*o - 466 - 47. Let n = -256 + a. Is n composite?
True
Let w = -36 - -44. Suppose 0 = -10*j + w*j + 16. Suppose -3*g = -j*g + 3545. Is g a composite number?
False
Suppose 96*y = 361224 + 713688. Is y a composite number?
False
Let a(x) = -x**2 + 6*x + 58. Let h be a(-5). Suppose 0 = 4*k + 4*v - 6564, -4*v + 7851 = h*k + 2924. Is k a prime number?
True
Suppose -12*c - y = -7*c + 34, -3*y - 24 = 2*c. Let z(q) = -q**3 + 3*q**2 - 2*q + 2. Let f be z(3). Is ((-1916)/6)/(f*(-1)/c) a composite number?
False
Let p = -21 + 24. Suppose 0 = -2*o - 6, 2*b + 4*o - 989 = 527. Suppose -b = -p*j + 2155. Is j composite?
True
Let o(x) = -x**3 - x**2 + 6*x + 15. Let w be o(-6). Is (-1 - -2)/(3/w) composite?
False
Let a = 124 - 120. Suppose -4*t + a*j - 1439 = -3743, -25 = 5*j. Is t a composite number?
False
Suppose 10*q = 35*q - 252725. Suppose 4*i = 5*b - 12643, -5*i = -4*b - 0*i + q. Is b prime?
True
Let v(t) = -2*t**3 + 660*t**2 + 84*t - 43. Is v(-25) prime?
True
Let p be (5 - 1) + 262488/(-3). Let s = p - -48061. Let u = -26536 - s. Is u a composite number?
True
Let l(p) = 223*p + 1. Let x(v) = -1. Let o(j) = l(j) - 4*x(j). Let s be o(-3). Let b = s - -1155. Is b composite?
False
Let q = 126 + -124. Let x(y) = y**2 - 8*y + 11. Let d be x(q). Is ((-11)/(-33))/(d/(-2922)) a prime number?
False
Let g be (5174/6 - (-5)/(-15)) + 0. Let t = 2967 - g. Is t a prime number?
False
Let u(m) = -86*m + 29. Let q = 75 - 102. Let o = 19 + q. Is u(o) a prime number?
False
Let n(o) = -o**3 - 17*o**2 + 18*o + 3. Let k be n(-18). Suppose 4*w = k*b, -4 = -4*b + 2*w + 6. Suppose 0 = b*t - 2*t - 3118. Is t a composite number?
False
Suppose 0 = 50*r - 39865 - 138485. Let w = r - -11792. Is w prime?
True
Let q(c) = -62*c**3 - c**2 - c + 1. Let y be 5 + -1 - (2 - -3). Let w be q(y). Suppose -w*n = -64*n + 701. Is n composite?
False
Let q(n) = 127*n + 48. Let a be q(-4). Suppose 36 = 4*u - 8*u. Is a/(-15)*u/(-6) a composite number?
True
Let b = -61 - -72. Let g be -2 + -2 + b/(5 - 4). Suppose -2593 = -g*j + 1068. Is j a prime number?
True
Let a = -107 + 62. Let u = 346406 + -206474. Is (-6)/10 - u/a prime?
True
Let y(z) = -3*z**3 + 17*z**2 - 8*z - 6. Let a be y(5). Suppose 4*i - 42489 = -5*w, -a*w = -3*w + i - 8497. Is w a prime number?
True
Let d = 159 - 66. Let x = 208 - d. Is x a prime number?
False
Suppose -2*w + 6740 = 2*w. Suppose 13 = -2*d + 21, 0 = 2*m + 5*d - 28. Suppose m*a - w = -a. Is a a composite number?
False
Suppose 13*q = -28*q + 164. Suppose -3*d = 12, q*b - 6*d - 1784 = -3*d. Is b composite?
False
Let a(i) = -i**3 + 5*i**2 - 3*i + 7. Let u be a(5). Is (3099/(-2))/(4/u) a prime number?
False
Suppose -f - 4*c = -6447, -f = -5*c + c - 6415. Is f a prime number?
False
Let l(r) = -r**2 - 7*r - 6. Let u be l(-6). Suppose h + a - 6917 = u, -2*h = -5*h - 4*a + 20748. Suppose h = -0*z + 8*z. Is z prime?
False
Suppose -2*u + 5*d = 16, 2*u + 2*d = 3*u + 6. Is (1/u)/(1/298) composite?
False
Suppose 3*p = 220 + 5. Suppose -43*i + 40*i = -p. Suppose 2*h - 923 = -i. Is h a prime number?
True
Suppose 306*d - 4*g + 6296451 = 311*d, 0 = -d + 3*g + 1259275.